t common factor of h and 56?
8
Let u = -1084 + 1145. What is the highest common factor of u and 37393?
61
Suppose 3*p - 7 = -1. Let w(y) = 27*y**2 + 33*y**2 - y**3 + 18 - 43*y**p + 27*y - 8*y. Let b be w(18). Calculate the highest common divisor of 12 and b.
12
Suppose -61*u + 20458 = -14450 + 2578. Calculate the greatest common factor of u and 20.
10
Let f be -33 + 22 + 6987/3. What is the greatest common factor of 38 and f?
38
Let x(l) = -2*l**2 - 104*l - 466. Let v be x(-5). Let y be (1 - -1) + 2 + -2. What is the greatest common divisor of v and y?
2
Suppose -18*r + 33 = -7*r. Let l be 3/9*29 - (-4)/r. Let i(p) = p**2 - p + 143. Let b be i(0). What is the highest common factor of l and b?
11
Suppose -2*y - 4*i + 24 = 0, 662*y + 5*i = 664*y - 6. Calculate the highest common factor of 229 and y.
1
Let d = 657 - 554. Suppose -11*x = -389 + d. What is the highest common factor of 650 and x?
26
Suppose -2*b - 8 = 0, 4*j - 44*b + 41*b = 4500. Calculate the greatest common factor of 528 and j.
66
Let t(n) = -2*n**2 - 76*n + 459. Let y be t(-40). What is the greatest common divisor of 391 and y?
23
Suppose -11*f - 264 = -17*f. Let l(r) = -5*r + 4*r + f*r**2 + 70 - 69. Let x be l(1). Calculate the greatest common factor of 4 and x.
4
Let p(c) = -c**3 + 10*c**2 + 62*c - 584. Let u be p(10). Calculate the highest common divisor of u and 450.
18
Let a be -3 + (-24)/(-4) - (-1045 - (-1 + 6)). What is the highest common divisor of 324 and a?
81
Let o be 6*1 - 10/5. Suppose -2*p - 66 = o*y, -5*p - 67 = -3*p + 3*y. Let c = p + 70. Calculate the highest common divisor of 35 and c.
35
Let r(l) = 107*l**2 - 9*l + 32. Let j be r(3). Suppose 23*u - 19*u = j. Calculate the greatest common divisor of 88 and u.
22
Suppose -d = -4*q + 63 + 112, 0 = -2*q + d + 91. What is the greatest common factor of q and 15666?
42
Let t be 29855/(-2)*4/4*20/(-25). Calculate the highest common divisor of 14 and t.
14
Suppose -584 = -4*f - 3*i, -f - 2*i - 2*i + 133 = 0. Suppose 0 = 8*u + 853 - f. Let z = 22 - u. What is the highest common factor of z and 10?
10
Let t(b) = -b**2 + 52*b + 1363. Let h be t(71). What is the highest common divisor of h and 14546?
14
Let d be (26/(-3))/((-1)/6). Let n be (78/(-32)*(-16)/12)/((-3)/(-36)). What is the greatest common factor of d and n?
13
Suppose -2*p = 1000 - 6432. Calculate the highest common divisor of 28 and p.
28
Suppose -83*a = -91*a + 160. Let l be ((5313/(-6))/(-11) + -3)*4. What is the highest common divisor of a and l?
10
Let v = -40 - -125. Suppose 4986 = 181*w + 1909. What is the greatest common divisor of w and v?
17
Let z be ((-24)/(-42) - 676/(-91)) + 3400. What is the greatest common divisor of z and 144?
48
Let q be (-30)/1050 + (-333761)/(-35). Calculate the highest common divisor of 447 and q.
149
Let y = 473 + -322. Let t = 246 - y. Suppose 4*f = x - 28, 3*x = f - 0*f + t. Calculate the highest common divisor of 24 and x.
8
Suppose 0 = -636*m + 630*m + 1080. Calculate the greatest common factor of m and 80.
20
Suppose -3*k = -7 - 2. Suppose k*v + 6*v - 180 = 0. Suppose -5*i - 1 = -4*f, -f - 4*f = -v. What is the greatest common factor of i and 6?
3
Suppose -3*v = i + 1, 4*i + 2 = -2. Suppose v*p + 30 = 6*p. Let k be 17/p + -3 - (-294)/15. Calculate the highest common factor of k and 220.
20
Let n(c) = -c**2 - 18*c + 5. Let j be 20 - 18 - (0 - 5). Let l(y) = -2*y - 3. Let t be l(j). Let o be n(t). What is the greatest common divisor of o and 77?
11
Let u(w) = -w**3 + 17*w**2 - 15*w - 16. Let l be u(16). Suppose -2*j + 0*x + 3*x + 3 = l, 2*j + 4*x = 10. What is the greatest common factor of j and 15?
3
Let p(r) = 2*r**3 - 124*r**2 - 2*r + 139. Let d be p(62). Calculate the greatest common factor of d and 12615.
15
Suppose 114*k + 173 = 115*k. What is the greatest common divisor of 1 and k?
1
Let i(x) = -x**3 - 4*x**2 + 24*x + 58. Let m be i(-8). Calculate the greatest common divisor of 6 and m.
2
Suppose -3*l + 48 = 3*t, -4*t = 3*l + 4 - 68. Let f = 12656 + -12653. What is the greatest common divisor of f and t?
1
Let v(m) = m - 1. Let j be v(1). Suppose j = -12*u - 10*u + 3564. What is the greatest common factor of u and 27?
27
Suppose -2*i + 19*x = 23*x - 188, 3*i - 4*x - 332 = 0. What is the greatest common divisor of 152 and i?
8
Suppose -p = -3*k + 335 - 61, -3*k + 250 = 5*p. Let z = -80 + k. Calculate the greatest common factor of 10 and z.
10
Suppose -22*m + 23*m - 3*j = 29868, 0 = -6*m + 5*j + 179299. What is the greatest common divisor of 41 and m?
41
Let f = -119 + 132. Let c(z) = z**3 - 14*z**2 + 8*z + 18. Let s be c(f). Let k = -8 - s. Calculate the highest common divisor of k and 13.
13
Let o(k) = -k**3 + 37*k**2 - 30*k + 41. Let j be o(23). What is the greatest common factor of 145 and j?
29
Suppose -5*a - 2690 = -5*t, 550 = t + 10*a - 7*a. Let o = t + -514. What is the greatest common factor of o and 45?
9
Let y(n) = 87*n**2 + n + 2. Let p be y(-1). Let j(q) = -q**2 + q - 4. Let f be j(-3). Let i = 24 + f. Calculate the highest common divisor of p and i.
8
Let v = 31621 + -31423. What is the greatest common factor of v and 558?
18
Let j(q) = -1006*q + 6136. Let f be j(6). Calculate the highest common divisor of 75 and f.
25
Let i = 14 + -21. Let w(v) = v**3 + 6*v**2 - 8*v + 1. Let m be w(i). Let s = -6 + m. What is the highest common factor of 5 and s?
1
Let c(y) = -21378*y + 107114. Let x be c(5). Let w be 6/4*128/6. Calculate the highest common divisor of w and x.
32
Let i be ((-12)/(-10))/((-2)/(-20)). Let h(o) = -15171*o - 106170. Let j be h(-7). What is the greatest common divisor of i and j?
3
Suppose -2*p = 2*r - 242, 0*r - 12 = -3*r. Suppose -4*z - 6 = -114. Calculate the highest common factor of p and z.
9
Let h(w) = -14*w + 133. Let f(b) = b**3 + 4*b**2 - 7*b - 5. Let i be f(-5). Let z be h(i). What is the greatest common divisor of 36 and z?
9
Let s = 909 - 896. Suppose -88*m = -87*m - s. Let x = 68 + -42. Calculate the highest common factor of m and x.
13
Let d(n) = -3*n**2 + n**2 + 26 - 4*n**3 - 33 + 3*n. Let o be d(3). Let w = 176 + o. What is the greatest common divisor of 13 and w?
13
Suppose u + 2 = 0, -2*q + 2*u - 3 = -19. Let o = 6 - 2. Suppose 2*v = -o + 16. Calculate the greatest common divisor of v and q.
6
Let j(u) be the second derivative of u**5/10 - u**4/3 - u**3/3 + 13*u**2/2 + 62*u. Let i be j(5). Calculate the greatest common factor of i and 17.
17
Let y(l) = -l**3 - 2*l**2 + 3*l + 2. Let d be y(-3). Suppose 0 = d*i + 2*r - 118, i + 26 = r + 77. Calculate the greatest common divisor of i and 15.
5
Suppose 3*u - 463 = -2*n, -u = 6*n - 4*n - 469. What is the highest common factor of 8 and n?
4
Let p be 2 + -1 + 4 + -8 + -5. Let m(a) = 3*a**2 + 26*a + 65. Let g be m(p). Let v = 10 - 3. What is the highest common divisor of g and v?
7
Let t be 264/(-144)*-75 + (-5)/(-2). What is the highest common factor of t and 9296?
28
Let s = 60 + -43. Let j = -290 - -426. What is the greatest common factor of j and s?
17
Suppose -7*h + 6*h - 295 = -3*j, 0 = 4*j - h - 395. Let b = -52 + j. Calculate the highest common factor of 42 and b.
6
Let l be ((-144)/216)/((-2)/2085) + (1 - -4). Calculate the highest common divisor of 7420 and l.
140
Let h be 2*(-1)/4 + 37245/78. What is the highest common divisor of 6 and h?
3
Let i = -650 + 656. Suppose -2*m + 199 - 37 = 0. Calculate the highest common divisor of i and m.
3
Suppose -1080 = -n - 204. Let d = n - 498. Suppose -8*h + 14*h - d = 0. What is the greatest common factor of 18 and h?
9
Suppose 3*j - d - 3*d + 68 = 0, -71 = 3*j - d. Let r = j + 50. Let c(v) = 2*v**2 - 5*v - 3. Let g be c(-7). Calculate the greatest common divisor of r and g.
26
Let p be (-5)/25 + (-19)/((-855)/999). Calculate the highest common divisor of 13178 and p.
22
Let h = -573 - -591. Let b(x) = 3*x - 4. Let s be b(h). What is the highest common divisor of 1750 and s?
50
Let p be -12 + 90/8 - 1131/(-4). What is the greatest common divisor of 12 and p?
6
Let k = 2323 + -1300. Calculate the highest common factor of 66 and k.
33
Let q(p) = 29*p**2 + 2*p + 2. Let k be (-318)/(-3) + (-1)/1 + -3. Let m = -104 + k. Let c be q(m). Calculate the greatest common divisor of 38 and c.
38
Let k = -13577 + 13619. Calculate the greatest common divisor of 64764 and k.
42
Let t = 3 + 